et v = -6 - -6. Let g(i) = -4*i + v + 5*i**2 + i**2 - i**2 - 7. Is g(6) a prime number?
True
Let s = 890 - 110. Let y = -481 + s. Is y a prime number?
False
Let n(g) = g**3 + 4*g**2 - 5*g + 11. Let h = 31 - 22. Is n(h) a composite number?
False
Let v(g) = 2*g**3 - 24*g**2 - 1. Let z(n) = -6*n**3 + 71*n**2 + n + 3. Let m be ((-9)/36)/(1/(-68)). Let b(k) = m*v(k) + 6*z(k). Is b(9) prime?
False
Let x(i) = -59*i + i**2 + 59*i - i**3 - 1646. Let z be x(0). Is 0 - (-2 - z)/(-4) a composite number?
True
Let m = 18 - 16. Suppose -2*j + 4*s = -4, 0*j + 4*j = -2*s + 8. Suppose -j*b = m*b - 356. Is b a composite number?
False
Let m(g) be the first derivative of 25*g**3/3 + 5*g**2 + 14*g + 17. Is m(-7) prime?
False
Suppose -v = -2*c - 1217, 0*v - v = c - 1202. Is v a composite number?
True
Let n(i) = 2*i**2 + 14*i + 751. Is n(76) prime?
True
Let r = 5 - 3. Let d(c) = 0*c**2 + 2*c**3 - 3*c + 0*c - 3 + r*c**2 + 4. Is d(4) composite?
False
Let j(b) = b**3 + 10*b**2 - b + 10. Let n be j(-10). Suppose -2*r - 5*u = n, 0 = -4*r + u + 1 + 3. Suppose 4*k - 2540 = -r*k. Is k composite?
True
Let i = -9702 - -14453. Is i composite?
False
Let k be 9/(-21) + 369/(-21). Let f = 22 + k. Suppose 5*z = 4*x + 172 - 732, f*x - 600 = -5*z. Is x prime?
False
Suppose -3288 - 842 = 5*f. Let p = 2267 + f. Is p a composite number?
True
Let a(k) = 2*k + 5. Let c be a(3). Let v = 82 - c. Is v a composite number?
False
Suppose -34*r = -28*r - 2742. Is r composite?
False
Suppose -2*b + 4*p = 5*p - 2941, -2*p = b - 1463. Is b a composite number?
True
Let h(j) be the third derivative of -j**5/60 - j**4/6 + j**3 + 5*j**2. Let s be h(-6). Is (-276)/9*9/s a prime number?
False
Let v(f) be the first derivative of -f**4/4 - 3*f**3 - 2*f**2 - 2*f + 10. Is v(-9) composite?
True
Let o(r) = -13*r - 81. Let m be o(19). Let g = m - -615. Is g prime?
False
Let v be ((-27)/12)/(30/80). Let f(k) = 6*k**2 - 4*k - 1 - 5*k**2 + 8*k**2. Is f(v) composite?
False
Let c(z) = 4*z**3 - 4*z**2 - z + 11. Let d be c(7). Let y = -820 + d. Suppose -388 = -4*h + y. Is h composite?
True
Let s(a) = 13*a + 5. Let k be (24/15)/(10/25). Let m be s(k). Let u = m + -38. Is u a composite number?
False
Is (-16847)/(-3) - (-24)/(-36) prime?
False
Suppose -6*w + 13043 = -25363. Is w a prime number?
False
Let s be 1*3 - (-13 - -16). Suppose s = 5*k + 12 - 47. Is 786/1*k/14 prime?
False
Suppose 0 = -4*a + 69 - 49. Suppose -4*j + u = j - 307, j - 47 = a*u. Is j composite?
True
Let b(n) = n**3 + n**2 - n + 21. Let f be b(0). Let h = f + -17. Is (h + -3)/(-1)*-251 a prime number?
True
Suppose -2*l + 3*r + 54 = 0, -27 = -l - 2*r - 3*r. Let k(s) = 2 - 3*s - l*s - 2 - 1. Is k(-4) prime?
False
Let t(n) = -n**2 - 17*n - 23. Let r be t(-15). Let y(h) = 6*h - 2 - 8 + 7. Is y(r) composite?
True
Let c(n) = -n - 9. Let u be (-9)/(-15) - 72/20. Let p be c(u). Is p/(-14) + 3592/14 composite?
False
Let f(p) = -2*p**2 - 13*p + 5878. Is f(0) prime?
False
Suppose a = -27 - 61. Suppose 2*v = -6*v + 1992. Let c = a + v. Is c prime?
False
Let y be (0 - 2/(-3))/(210/2205). Suppose y*t + 5516 = 11*t. Is t a prime number?
False
Let x(h) = 109*h**2 + 12*h + 57. Is x(-5) prime?
False
Let k(w) = 126*w + 34. Suppose -2*y - 18 = -4*o + 6, o - 5*y = 24. Is k(o) prime?
False
Let w = -42 + 27. Let y be (-20)/w - (-5)/3. Suppose -y*r + 8*r = 2215. Is r a composite number?
False
Let t be -1 - ((-2)/(-2) - 215). Let x be t/(-2)*4/(-3). Is x/4*(-5 - -7) a prime number?
True
Let k be (-1 - -2)/(-17 - -16). Is (-1120)/k + (-1 - (7 + -5)) a prime number?
True
Let w(t) = 2*t**3 - 7*t**2 + 2*t - 10. Let r(j) = 4*j**3 - 14*j**2 + 4*j - 21. Let s(p) = -2*r(p) + 5*w(p). Let m be s(6). Suppose 2 = 3*h - m. Is h prime?
False
Let p = 20035 + -13891. Suppose -1893 = 3*t - p. Is t composite?
True
Is 34646 - ((-24)/8)/3 a composite number?
True
Let x(d) be the first derivative of 139*d**3/3 - 3*d**2 - 29*d + 7. Is x(8) composite?
False
Let c = -88 - -102. Suppose -92 - 986 = -c*m. Is m prime?
False
Let k be (3/(3/17))/((-2)/(-2)). Suppose -22*o + 5335 = -k*o. Is o a composite number?
True
Let t(n) = -7*n + 22. Let c be t(3). Let o(h) = 150*h - 7. Is o(c) prime?
False
Let u(i) = -6*i + 2 + 2 + 2*i**2 + 6*i. Let w be u(3). Suppose 0*r = r - w. Is r a composite number?
True
Suppose -3*k + 4*p + 84 = -443, 0 = 2*k + 2*p - 370. Let y = k - -10. Is y a composite number?
False
Let v be 15/(-10) - (-22)/4. Suppose 0 = 2*o - 3*h - 9 - v, 0 = 4*o - 5*h - 23. Suppose -o*f = 4*p - 2110, -2*f + 2*p = -3*p - 2083. Is f a composite number?
False
Let l(v) = 2*v**3 - 5*v**2 - 18*v + 41. Is l(10) a prime number?
True
Suppose -3*s + 9 - 30 = -t, -t + 2*s = -16. Let l = t + -3. Suppose 2*r - 95 = -l*r. Is r composite?
False
Let w(d) = d**3 - 8*d**2 + 8*d + 5. Let t be w(6). Let s = t + 93. Is s prime?
False
Let s be 19/(-38) - (-34)/(-4). Let c(v) = -2*v - 18. Let z be c(s). Suppose z = -4*g + g + 1086. Is g composite?
True
Let h(v) = 62*v**2 + 4*v + 39. Is h(18) a prime number?
False
Let v(x) = x**3 + 5*x**2 - 20*x - 62. Is v(15) a composite number?
True
Let h(y) = -y**3 - 9*y**2 - 8*y - 2. Let d be h(-8). Let q(p) = -31*p - 5. Let w be q(d). Suppose -j + w = 2*j. Is j composite?
False
Suppose 11*c - 2480 = 9*c. Suppose c = 2*o + 4*a - 1714, -2*a = -3*o + 4431. Is o composite?
True
Suppose -n + 903 = -8. Is n a prime number?
True
Suppose -g + w + 2437 = -505, -2*g = -5*w - 5872. Suppose 12424 = 10*t - g. Is t prime?
False
Let y(a) = 10*a**2 + 10*a - 13. Let i be y(-8). Let l = i + -360. Is l composite?
True
Let d = 1091 + -3039. Let q be 1*(-4)/((-16)/d). Let y = -264 - q. Is y a prime number?
True
Suppose -j + 3*j - 792 = 0. Suppose 4*w - 112 - j = 0. Suppose b + w = 2*b. Is b composite?
False
Is 113860*8/288 + 4/18 a prime number?
True
Suppose 4*j = 2*l - 6126, l + 5*j = 6*j + 3058. Suppose 2*s - l = -751. Is s composite?
False
Let s(c) be the second derivative of 8*c + 0 + 5/3*c**3 + 7/2*c**2 - 1/20*c**5 - 1/3*c**4. Is s(-6) composite?
False
Suppose 5*i - 488843 = 2*l - 6*l, 5*l = i - 97786. Is i a prime number?
True
Let a be (-1416)/(-60) - 2/(-10)*2. Is ((-1918)/8)/((-6)/a) prime?
False
Let j(g) = 13 + 8*g + 22*g**2 - 10*g**2 + 0*g + 6*g. Is j(18) a composite number?
False
Is (-2680)/(-3) + (-25)/75 a composite number?
True
Let m be (7 - 3)/(-16)*0. Suppose -4*p + 892 = -m*p. Suppose 2*k - 373 = p. Is k a composite number?
True
Let l(o) = o + 3. Suppose -6*c = -2*c - 12. Let r be l(c). Suppose 2*p - r*m = -m + 203, 0 = p - 5*m - 94. Is p a prime number?
True
Is (166/4)/((-25)/(-3550)) + 4 prime?
True
Let x(t) = 30*t**2 + 26*t + 41. Is x(-9) prime?
True
Suppose -13*y = -9*y - 25948. Is y a prime number?
False
Let b(a) = 83*a - 8. Let g be (-4)/(-14) - ((-156)/42 - 5). Is b(g) composite?
False
Let f be -856*(2 - 3) - -2. Let p = f - 573. Suppose -p = -4*b - 57. Is b prime?
False
Let h(w) = 3*w**2 - 6*w + 3. Let o be h(-11). Suppose -o = -2*q - 2*m, 0 = 5*q - m + 4*m - 1086. Suppose 4*u = 3185 + q. Is u a composite number?
True
Suppose -11 = -b + 3*m + 3, 5*m = -20. Let i be (-2)/(b/(-189) - 0). Let s = i + -62. Is s composite?
False
Suppose -i + 10*i = 17037. Is i a prime number?
False
Suppose 3*j = 8 - 2. Suppose 4 = w - 4*m, 5*m + 6 = -j*w + 1. Suppose w = 5*v - 200 - 585. Is v prime?
True
Let p = 15185 - 8539. Is p a prime number?
False
Let s(v) = 6*v**2 - 6*v - 14. Is s(-4) composite?
True
Let q(w) = 21*w**2 - 3*w - 10. Let d be q(9). Suppose -8*s + 504 = -d. Is s prime?
True
Let t(a) be the third derivative of 167*a**4/24 + 20*a**3/3 + 29*a**2. Is t(9) a composite number?
False
Suppose p - 5992 = -5*d, p + p = -2*d + 2400. Let y = d - 480. Is y a composite number?
True
Let x = -822 - -1484. Suppose 1842 - x = -4*h. Let u = h - -836. Is u a composite number?
False
Let c(l) = 2*l**3 + 2*l**2 - 7*l - 40. Is c(9) a composite number?
True
Let k(v) = v + 2. Let t be k(2). Suppose -2*a + 4*r + 81 = -33, 4*r + 232 = t*a. Let w = a + -34. Is w composite?
True
Let o be 309717/45 + 6/(-10). Suppose 2*s + 2*u - o = 0, -s + 4*u = -4*s + 10318. Is s/8 - (-1)/4 prime?
True
Suppose 2*p = 7*p. Suppose -2999 = -5*o - 4*t + 5364, -3*t = -6. Suppose o = 3*j - p*j. Is j a prime number?
True
Let y be (12/(-3))/4 - -5. Suppose y*x - x - 249 = 0. Is x a prime number?
True
Is 300/(-48) + 7 + (-135569)/(-4) a